ase 2, what is -100 + -11001011011100111?
-11001011011101011
In base 13, what is 12b8 + -13?
12a5
In base 14, what is -7 - -1527c?
15275
In base 10, what is -2583 - 52?
-2635
In base 6, what is -1 - -1252440?
1252435
In base 10, what is -9445 + 27?
-9418
In base 4, what is -20 - -323210?
323130
In base 10, what is 1876582 - 2?
1876580
In base 3, what is 1 - -1000202210002?
1000202210010
In base 16, what is 0 + -11fa?
-11fa
In base 16, what is -16 - -4f59?
4f43
In base 16, what is 5 + -3a4d?
-3a48
In base 15, what is -29e0 - -1a?
-29c5
In base 9, what is 240360 - -1?
240361
In base 10, what is 2012 - 956?
1056
In base 2, what is -1001 + 1001010000010?
1001001111001
In base 15, what is 7a + e4?
16e
In base 13, what is 13337 - -3?
1333a
In base 7, what is -5515 - -26?
-5456
In base 16, what is 34154 + -5?
3414f
In base 8, what is 1 - -742?
743
In base 6, what is 1211 - 251203?
-245552
In base 15, what is -4a1 + -80?
-531
In base 4, what is 11133 + 112013?
123212
In base 6, what is 553452 + 15?
553511
In base 14, what is 2ab8 - 19?
2a9d
In base 10, what is 2 + 32766?
32768
In base 16, what is 1eb + -27e?
-93
In base 7, what is 140 + -1563?
-1423
In base 3, what is -21211210122 - -10?
-21211210112
In base 10, what is -31 + -17280?
-17311
In base 4, what is 1 - -1100313201?
1100313202
In base 12, what is -4231 - 394?
-4605
In base 12, what is -3 - 421b?
-4222
In base 9, what is 12 + -172?
-160
In base 16, what is 3 + -8bf?
-8bc
In base 7, what is -64 + -132641?
-133035
In base 5, what is 20 + 110202?
110222
In base 9, what is -40 - -4431?
4381
In base 11, what is 45a15 - -7?
45a21
In base 13, what is 638 - a?
62b
In base 8, what is 45 + -305?
-240
In base 14, what is 17 + 1a19a?
1a1b3
In base 16, what is -3b + 278?
23d
In base 7, what is 64 + -10434?
-10340
In base 15, what is -209c7 - -3?
-209c4
In base 11, what is -2 - 64167?
-64169
In base 2, what is 11110100000 - -111110?
11111011110
In base 10, what is -607 - 125?
-732
In base 6, what is 4014403 - -1?
4014404
In base 14, what is 1d - -3942?
3961
In base 6, what is 25301 + -50?
25211
In base 14, what is -5 + 46706?
46701
In base 5, what is -10001444 - -3?
-10001441
In base 2, what is -11100100100011110 + -100?
-11100100100100010
In base 4, what is -1321 + -3203301?
-3211222
In base 15, what is -9e8 + -a?
-a03
In base 11, what is 3 - -30859?
30861
In base 8, what is 10 + -572236?
-572226
In base 2, what is 101 + -100111101000011?
-100111100111110
In base 4, what is -2 - 1000322?
-1000330
In base 5, what is -231310 - -2?
-231303
In base 16, what is 53e - 33?
50b
In base 15, what is -1271 + -20?
-1291
In base 9, what is -186 + -3863?
-4160
In base 5, what is 220222011 - -3?
220222014
In base 5, what is 211430 + -20?
211410
In base 7, what is 12434 - 1?
12433
In base 9, what is 167 - 3?
164
In base 2, what is -1001000111 + -1000001011?
-10001010010
In base 10, what is 1693 - 8?
1685
In base 15, what is -169d8 + 5?
-169d3
In base 3, what is 10 + 1201111020?
1201111100
In base 10, what is -17 - 5635?
-5652
In base 9, what is 3 + 13104?
13107
In base 4, what is 1013321 - -1213?
1021200
In base 4, what is 120 + 30112?
30232
In base 4, what is -20001202 + -2?
-20001210
In base 14, what is -8a65 - -1?
-8a64
In base 13, what is -90 + 155a?
149a
In base 14, what is -3 - -a33c4?
a33c1
In base 8, what is -1642 + 260?
-1362
In base 9, what is 0 - -715?
715
In base 11, what is -5 - 3712a?
-37134
In base 4, what is 120212 + -1?
120211
In base 3, what is 1020020220022 - 1?
1020020220021
In base 14, what is -1d - -3a0d?
39d0
In base 4, what is -22013 - -1322?
-20031
In base 11, what is 1759 + -91?
1678
In base 11, what is a9 - 829a?
-81a1
In base 15, what is 1 + 71a1?
71a2
In base 9, what is -125 - -547?
422
In base 8, what is -4 + 3346?
3342
In base 9, what is 65 + 31732?
31807
In base 5, what is -3132043 - 2?
-3132100
In base 16, what is -2c6 + -134?
-3fa
In base 7, what is 6215 - 10?
6205
In base 4, what is 10 - 10020000?
-10013330
In base 11, what is 19 - -13761?
1377a
In base 2, what is 1010000011101010 - 101?
1010000011100101
In base 14, what is 0 - b948?
-b948
In base 11, what is -1 - 592a?
-5930
In base 9, what is -3156 - 64?
-3231
In base 16, what is 1a8 - 76?
132
In base 4, what is 10232 + 1120032?
1130330
In base 4, what is 1222 - -12103011?
12110233
In base 10, what is -3 + 367564?
367561
In base 4, what is 113030213 + -10?
113030203
In base 10, what is 530381 + 0?
530381
In base 7, what is -5 + -60246?
-60254
In base 14, what is 6 + 2aba?
2ac2
In base 9, what is 4 - -35737?
35742
In base 2, what is 10010001111110110 - -101?
10010001111111011
In base 3, what is -101001212 + 1020?
-101000122
In base 15, what is -669 + c?
-65c
In base 2, what is 100011 + -1000?
11011
In base 13, what is 3c8 + 410?
808
In base 16, what is -3b - c8?
-103
In base 8, what is -3 + 6436?
6433
In base 11, what is -2 + 407?
405
In base 11, what is 353 + 1026?
1379
In base 14, what is -1 + -8a2?
-8a3
In base 2, what is 111 - -11011011111100000?
11011011111100111
In base 2, what is 100 - -1110001110000?
1110001110100
In base 10, what is -95 - -2093?
1998
In base 4, what is -2002323 + 12030?
-1330233
In base 15, what is 0 + -45d39?
-45d39
In base 2, what is 101 - 1100010100110100111?
-1100010100110100010
In base 2, what is 1000 + 101011110?
101100110
In base 6, what is 11431525 + 3?
11431532
In base 9, what is 604582 + -5?
604576
In base 4, what is -121 - -11323310?
11323123
In base 7, what is 21225 + 21?
21246
In base 4, what is -3 - 1131132013?
-1131132022
In base 9, what is -128338 + 58?
-128270
In base 15, what is a8a62 + -3?
a8a5e
In base 8, what is 0 - 425550?
-425550
In base 12, what is -7663a - -1?
-76639
In base 4, what is 2223 + -10110302?
-10102013
In base 11, what is -2 - -90048?
90046
In base 4, what is -20331232 - -20?
-20331212
In base 8, what is 3 + -2575652?
-2575647
In base 12, what is 3 - 42507?
-42504
In base 7, what is 66 - -1412?
1511
In base 8, what is -2 + -2545214?
-2545216
In base 14, what is -117d5d - 4?
-117d63
In base 11, what is 5 - -138818?
138822
In base 7, what is -5 + 331660?
331652
In base 2, what is -1011001 - 10100111?
-100000000
In base 4, what is -120101 - -3032?
-111003
In base 3, what is 2220101011201 + 11?
2220101011212
In base 7, what is 4 + 260565?
260602
In base 6, what is 2 - -2105422?
2105424
In base 16, what is 1d - -10?
2d
In base 2, what is 1010110000 - 100101?
1010001011
In base 2, what is -11 + 1001011101110110?
1001011101110011
In base 11, what is -35 + -575?
-5aa
In base 9, what is 15687 + 3?
15701
In base 13, what is -23c + 30?
-20c
In base 4, what is 133 - -31230?
32023
In base 5, what is -41 + -20442010?
-20442101
In base 16, what is 2f5 - -22?
317
In base 11, what is 3a + -2213?
-2184
In base 10, what is 43 + 2094?
2137
In base 5, what is -31334 - -11?
-31323
In base 14, what is -21 - ab63?
-ab84
In base 2, what is 1101 - 101000101111111?
-101000101110010
In base 12, what is -2b + -889?
-8b8
In base 15, what is 5d - e2?
-84
In base 9, what is -56601 - 1?
-56602
In base 7, what is 1102 + 243?
1345
In base 16, what is 0 + 57e9?
57e9
In base 10, what is -4025707 - 3?
-4025710
In base 4, what is 111332332 + -10?
111332322
In base 4, what is -333331021 - 1?
-333331022
In base 5, what is 34244123 + -10?
34244113
In base 10, what is 58601 - -23?
58624
In base 8, what is -23 + 15563?
15540
In base 4, what is 3122 - 30233?
-21111
In base 15, what is -1 - -2d9d?
2d9c
In base 14, what is 20ca0 + -2b?
20c73
In base 2, what is -1011001111101001010 - 100?
-1011001111101001110
In base 5, what is -4 - 2313204?
-2313213
In base 13, what is -612156 + -5?
-61215b
In base 3, what is 201212 - -101?
202020
In base 15, what is -c + 48ea?
48dd
In base 7, what is -2 + -4162325?
-4162330
In base 15, what is -bbc - -6d?
-b4e
In base 12, what is 6468b + -1?
6468a
In base 11, what is -127 + 5751?
5625
In base 13, what is -12 + 5b0?
59b
In base 3, what is -112 + 1000201?
1000012
In base 12, what is 5 + -2093?
-208a
In base 7, what is 415405 + -12?
415363
In base 11, what is -74220 + 5?
-74216
In base 12, what is 3 - -306581?
306584
In base 14, what is 2 - 583?
-581
In base 15, what is 3 - 37e5?
-37e2
In base 15, what is -21 - -b840?
b81e
In base 11, what is -411 + 9?
-403
In base 5, what is 23423334